 4929?
False
Is 20113 a multiple of 84?
False
Is 11493 a multiple of 51?
False
Is 9 a factor of 285?
False
Is 450 a multiple of 37?
False
Does 53 divide 1113?
True
Does 22 divide 594?
True
Does 34 divide 3029?
False
Does 12 divide 131193?
False
Does 41 divide 861?
True
Is 13111 a multiple of 7?
True
Is 65 a factor of 982?
False
Does 71 divide 3422?
False
Does 19 divide 31521?
True
Does 29 divide 9040?
False
Is 62924 a multiple of 19?
False
Is 62 a factor of 15190?
True
Is 26781 a multiple of 121?
False
Does 6 divide 5078?
False
Is 1314 a multiple of 3?
True
Is 12054 a multiple of 147?
True
Is 11 a factor of 5214?
True
Does 46 divide 1426?
True
Is 185 a multiple of 185?
True
Is 16 a factor of 432?
True
Does 4 divide 143?
False
Is 16065 a multiple of 15?
True
Is 1205 a multiple of 10?
False
Is 53 a factor of 9286?
False
Is 19535 a multiple of 67?
False
Is 782 a multiple of 7?
False
Is 42084 a multiple of 23?
False
Does 83 divide 22351?
False
Is 40 a factor of 6064?
False
Is 83 a factor of 13695?
True
Does 101 divide 18685?
True
Is 17 a factor of 1858?
False
Is 1725 a multiple of 23?
True
Is 23 a factor of 29743?
False
Is 144 a multiple of 4?
True
Is 9384 a multiple of 23?
True
Does 4 divide 3944?
True
Is 7546 a multiple of 30?
False
Is 21 a factor of 57?
False
Is 7474 a multiple of 13?
False
Is 32 a factor of 5482?
False
Does 120 divide 1800?
True
Is 176 a multiple of 4?
True
Is 2083 a multiple of 44?
False
Does 59 divide 556?
False
Is 8 a factor of 11?
False
Is 5 a factor of 860?
True
Does 42 divide 9156?
True
Does 2 divide 221?
False
Does 20 divide 40440?
True
Is 56 a factor of 18760?
True
Is 39 a factor of 585?
True
Is 88 a factor of 36932?
False
Is 28685 a multiple of 73?
False
Is 369 a multiple of 41?
True
Does 8 divide 424?
True
Does 9 divide 1582?
False
Is 38 a multiple of 6?
False
Is 928 a multiple of 34?
False
Is 273 a factor of 37401?
True
Does 29 divide 319?
True
Is 308 a multiple of 22?
True
Is 46 a factor of 349?
False
Does 7 divide 10577?
True
Is 120 a multiple of 6?
True
Is 9791 a multiple of 110?
False
Is 6 a factor of 316?
False
Is 65 a factor of 28080?
True
Does 13 divide 30?
False
Is 29 a multiple of 15?
False
Is 701 a multiple of 12?
False
Is 4306 a multiple of 14?
False
Is 11786 a multiple of 180?
False
Is 17 a factor of 21665?
False
Does 3 divide 545?
False
Is 58395 a multiple of 21?
False
Is 5143 a multiple of 14?
False
Does 47 divide 1325?
False
Is 1230 a multiple of 101?
False
Is 12 a factor of 14448?
True
Does 32 divide 82304?
True
Is 75 a factor of 23175?
True
Does 235 divide 5875?
True
Is 905 a multiple of 13?
False
Does 3 divide 601?
False
Does 37 divide 3848?
True
Is 2 a factor of 854?
True
Is 2198 a multiple of 15?
False
Does 16 divide 1197?
False
Does 59 divide 1121?
True
Is 35 a factor of 1120?
True
Is 1194 a multiple of 84?
False
Is 235 a multiple of 28?
False
Is 7945 a multiple of 13?
False
Does 37 divide 630?
False
Is 1050 a multiple of 16?
False
Is 11134 a multiple of 38?
True
Is 3 a factor of 9729?
True
Does 67 divide 47818?
False
Does 13 divide 316?
False
Does 6 divide 204?
True
Is 770 a multiple of 11?
True
Does 40 divide 720?
True
Is 7 a factor of 267?
False
Is 2956 a multiple of 4?
True
Is 672 a multiple of 24?
True
Is 251 a factor of 15311?
True
Is 4 a factor of 5604?
True
Is 104868 a multiple of 88?
False
Is 10 a factor of 1750?
True
Does 478 divide 58991?
False
Is 359 a multiple of 172?
False
Is 58993 a multiple of 173?
True
Is 35 a multiple of 4?
False
Is 5032 a multiple of 7?
False
Is 6345 a multiple of 11?
False
Is 9 a factor of 5539?
False
Is 14 a factor of 977?
False
Is 10 a factor of 50?
True
Is 103 a factor of 529?
False
Is 377 a multiple of 5?
False
Is 45 a factor of 450?
True
Is 13 a factor of 19275?
False
Does 166 divide 24236?
True
Is 1899 a multiple of 6?
False
Is 19 a factor of 119314?
False
Does 54 divide 932?
False
Does 4 divide 2158?
False
Is 1882 a multiple of 21?
False
Is 3388 a multiple of 154?
True
Is 63213 a multiple of 115?
False
Is 125 a factor of 7375?
True
Does 74 divide 13098?
True
Is 255 a factor of 12127?
False
Does 20 divide 60?
True
Does 26 divide 2362?
False
Is 26 a factor of 149?
False
Does 14 divide 588?
True
Is 368 a multiple of 23?
True
Does 11 divide 1762?
False
Does 16 divide 3568?
True
Does 36 divide 1764?
True
Is 160 a factor of 269?
False
Is 3 a factor of 663?
True
Is 900 a multiple of 6?
True
Is 39 a factor of 624?
True
Does 10 divide 5944?
False
Does 81 divide 21451?
False
Is 4 a factor of 580?
True
Does 36 divide 6408?
True
Is 97643 a multiple of 377?
True
Is 6380 a multiple of 55?
True
Does 3 divide 2192?
False
Is 50 a factor of 6600?
True
Is 5 a factor of 695?
True
Does 144 divide 6382?
False
Is 169 a factor of 3630?
False
Is 62 a factor of 1426?
True
Is 21 a factor of 4955?
False
Does 45 divide 90?
True
Is 6 a factor of 38850?
True
Is 3025 a multiple of 25?
True
Is 128 a factor of 512?
True
Does 254 divide 52832?
True
Is 15 a factor of 35430?
True
Is 714 a multiple of 38?
False
Does 5 divide 1569?
False
Does 9 divide 693?
True
Does 38 divide 8287?
False
Does 13 divide 9139?
True
Is 14168 a multiple of 77?
True
Does 68 divide 15504?
True
Does 34 divide 2924?
True
Is 1760 a multiple of 16?
True
Does 71 divide 4301?
False
Is 16 a multiple of 9?
False
Is 2590 a multiple of 74?
True
Is 293 a multiple of 2?
False
Is 8512 a multiple of 32?
True
Does 36 divide 45720?
True
Is 935 a multiple of 11?
True
Is 39 a factor of 3144?
False
Is 9 a factor of 92808?
True
Is 51 a factor of 11761?
False
Is 16 a factor of 1382?
False
Is 32 a factor of 5635?
False
Is 30 a factor of 214?
False
Does 115 divide 6670?
True
Is 436 a multiple of 2?
True
Does 9 divide 333?
True
Is 9 a factor of 16027?
False
Is 10 a factor of 431?
False
Is 114 a multiple of 19?
True
Does 4 divide 44?
True
Is 29 a factor of 79257?
True
Is 72 a factor of 2555?
False
Does 18 divide 75?
False
Is 10200 a multiple of 340?
True
Does 219 divide 18615?
True
Does 27 divide 1849?
False
Does 56 divide 224?
True
Is 1291 a multiple of 69?
False
Is 5668 a multiple of 13?
True
Is 18109 a multiple of 13?
True
Is 5 a factor of 9742?
False
Is 722 a multiple of 19?
True
Does 14 divide 1918?
True
Is 215 a multiple of 36?
False
Is 5 a factor of 1265?
True
Is 4838 a multiple of 41?
True
Is 19 a factor of 1151?
False
Is 144 a multiple of 19?
False
Is 75 a factor of 900?
True
Is 8713 a multiple of 9?
False
Does 46 divide 44758?
True
Is 29250 a multiple of 195?
True
Does 6 divide 420?
True
Does 109 divide 1463?
False
Is 560 a multiple of 17?
False
Is 7087 a multiple of 16?
False
Is 11040 a multiple of 24?
True
Is 34 a factor of 865?
False
Is 7 a factor of 27888?
True
Is 281 a multiple of 11?
False
Is 19592 a multiple of 87?
False
Does 23 divide 1144?
False
Is 43043 a multiple of 55?
False
Does 82 divide 2378?
True
Is 13209 a multiple of 33?
False
Is 7 a factor of 9528?
False
Is 69 a factor of 1931?
False
Is 3 a factor of 33451?
False
Does 47 divide 623?
False
Is 1392 a multiple of 3?
True
Is 4961 a multiple of 4?
False
Is 9 a factor of 10916?
False
Does 40 divide 25018?
False
Is 4425 a multiple of 59?
True
Is 1254 a multiple of 27?
False
Is 7218 a multiple of 6?
True
Is 25896 a multiple of 24?
True
Does 25 divide 4737?
False
Does 3 divide 99?
True
Is 16 a factor of 1533?
False
Is 250 a multiple of 5?
True
Does 8 divide 1245?
False
Is 4 a factor of 4538?
False
Is 82435 a multiple of 43?
False
Is 88 a multiple of 88?
True
Is 13945 a multiple of 4?
False
Does 76 divide 4332?
True
Is 3159 a multiple of 27?
True
Is 108 a factor of 2484?
True
Is 12 a factor of 7284?
True
Does 132 divide 11880?
True
Is 474 a multiple of 18?
False
Does 7 divide 6189?
False
Does 15 divide 8295?
True
Does 14 divide 1190?
True
Is 9 a factor of 2419?
False
Does 155 divide 6080?
False
Is 112 a factor of 3248?
True
Is 81 even?
False
Is 28617 a multiple of 32?
False
Is 22 a factor of 31196?
True
Is 119 a factor of 15827?
True
Is 7 a factor of 584?
False
Does 71 divide 5893?
True
Does 17 divide 13265?
False
Does 55 divide 63085?
True
Is 3 a factor of 1573?
False
Is 20 a factor of 700?
True
Does 44 divide 2914?
False
Does 5 divide 6325?
True
Does 167 divide 9686?
True
Does 58 divide 1160?
True
Is 18 a factor of 5851?
False
Is 3 a factor of 674?
False
Is 8 a 